factor of 6 and p.
6
Let g = -39 + 49. Suppose -40 = 5*y - 0*y. Let j = 13 + y. What is the greatest common divisor of j and g?
5
Let s be 984/7 - (-40)/(-70). Suppose 0 = -0*y + y - s. Calculate the highest common divisor of 20 and y.
20
Suppose 33 = 4*d + 9. Let p be 38/9 - d/27. Let a(o) = -o**2 + 9*o + 10. Let v be a(9). Calculate the highest common divisor of v and p.
2
Let t = -429 - -777. Calculate the greatest common factor of 12 and t.
12
Suppose -7*t = -5*t - 14. Let m(i) = -i**2 + 5*i + 16. Let o be m(t). Let c = -7 - -12. What is the highest common factor of o and c?
1
Let u = -1105 - -1237. What is the greatest common divisor of 462 and u?
66
Suppose -20*j = -16*j - 52. Let y = j - 12. What is the highest common factor of y and 2?
1
Let p(l) = 16*l - 72. Let j be p(9). What is the highest common divisor of 36 and j?
36
Let r(y) = y**2 - 8*y + 10. Let v be r(7). Let c be ((-2)/v)/((-16)/696). Let m = 51 - c. Calculate the greatest common factor of m and 66.
22
Suppose z - 29 = 3*t, 5*z - 128 = 5*t + 67. Calculate the greatest common factor of z and 638.
22
Suppose -13*q = -8*q - 20. Suppose q*p + 4*o = 116, p = 3*o + 9 + 8. Calculate the highest common factor of 91 and p.
13
Suppose -5*s + 400 = 4*u, u + 91 = 4*s - 229. What is the greatest common divisor of s and 10?
10
Suppose 930 = 4*b + 27*b. What is the highest common divisor of 960 and b?
30
Suppose -577 - 691 = -4*p + 4*u, 2*p = -2*u + 630. What is the highest common factor of 711 and p?
79
Let f(w) = -w**3 + 16*w**2 - 25*w + 20. Let t be f(14). Calculate the greatest common divisor of t and 248.
62
Let r be 10/8 + (-6)/24. Let u = -17 - -24. Calculate the greatest common factor of r and u.
1
Suppose -5*h = -4*g + 52 + 37, h = -5. Suppose -5 + 1 = -b. Suppose b*i - 32 = 2*i. What is the greatest common factor of g and i?
16
Suppose -4*j + 139 = -5*f, -7*j + 11*j = -3*f + 147. What is the highest common divisor of 1332 and j?
36
Suppose 448 = 3*g + o + 35, 675 = 5*g - o. Suppose 4*y + 5*k - 53 = 0, -k = -5*y - 5*k + 73. What is the highest common factor of g and y?
17
Let w be (11 - (-3)/(-3)) + 480. What is the greatest common divisor of w and 30?
10
Let a(x) = -x**3 + 13*x**2 + 33*x - 25. Let j be a(15). Suppose -3*u = -j*u + 272. Calculate the greatest common factor of u and 2.
2
Let n = -113 + 212. Let t(w) = 88*w + 858. Let r be t(-9). What is the greatest common divisor of r and n?
33
Suppose -3*g = i - 6296, 2659 + 1537 = 2*g + i. Calculate the highest common factor of g and 35.
35
Let q be 6/(-9)*(-115 - -1). Let g = -41 + 26. Let a = 34 + g. What is the greatest common divisor of q and a?
19
Suppose 0 = -3*w - 2*w - 5*x + 40, -5 = -w + 2*x. What is the highest common factor of w and 119?
7
Suppose -3*h + 231 = -75. Let m be (1/(-2))/((-2 + 1)/h). What is the highest common divisor of m and 34?
17
Suppose r + 14 = 5*j, 2 = -3*r - 2*j + 28. Let o = 11 - 11. Let v be (-25)/(-5) + o + -1. What is the greatest common factor of v and r?
2
Let y be (-14)/(-4)*12/21. Let a be 8/(y/(-1))*-1. Suppose 76 = q - 9*x + a*x, -3*x = -3*q + 168. Calculate the highest common factor of 34 and q.
17
Suppose 4*o = -4*l + 192, 5*o - 32 = -l + 32. Let n = -72 + 141. Suppose -y + 6 + 0 = j, -5*y - n = -4*j. What is the greatest common divisor of j and l?
11
Suppose 0 = -32*v + 30*v + 310. Calculate the highest common divisor of v and 31.
31
Suppose -124 = -3*q + 3*b + 5, q = 5*b + 63. Calculate the greatest common divisor of q and 608.
38
Let c = 12 + 72. Let v = -16 + 33. Suppose -m + 2 = 2*h, 5*h + 8 = -v. Calculate the greatest common factor of m and c.
12
Suppose -3*w + 2*w = -4. Let g = -292 - -296. What is the highest common factor of g and w?
4
Let d = 313 - 287. What is the highest common factor of d and 637?
13
Let c(n) = -191*n + 10. Let r be c(-3). Suppose -281 - r = -6*q. Let w = 10 + 6. What is the highest common divisor of w and q?
16
Let d = 6 - 10. Let j = d - -76. Let r(p) = p**2 - p - 4. Let m be r(4). Calculate the highest common divisor of m and j.
8
Let i(r) = -2*r**3 + 14*r**2 + 4*r - 12. Let b(v) = v**2 + 11*v + 7. Let j be b(-11). Let k be i(j). Calculate the greatest common divisor of k and 24.
8
Suppose 10*t - 4925 = 5575. What is the greatest common factor of t and 42?
42
Let u(o) = 3 - 33*o**2 + 1 + 2*o + 34*o**2. Let j be u(-2). Calculate the highest common divisor of 8 and j.
4
Suppose 17 = 4*u - f, -2*u + 0*f + 13 = f. Let g = 98 + -69. Suppose -2*t - g = -79. Calculate the highest common factor of u and t.
5
Suppose 0 = -3*f + 2*h + 134, 0 = -f - 0*f - 4*h + 26. Let s be ((-126)/(-15))/(12/30). Calculate the highest common factor of f and s.
21
Suppose -10 = -2*t + 88. Calculate the greatest common divisor of t and 7.
7
Suppose 2*w + 5 = 7*w. Let k(q) = 3*q**2 + 135*q - 137. Let o be k(-46). Calculate the greatest common divisor of w and o.
1
Suppose -4*g = -9*g + 255. Let u(c) = c**2 + 3*c + 7. Let m be u(-5). What is the greatest common factor of g and m?
17
Let d(r) be the second derivative of -r**3/2 + r**2 + 7*r. Let m be d(-3). Suppose -55 = -0*l - l. Calculate the greatest common divisor of m and l.
11
Suppose -4618 = -12*h + 2486. Calculate the greatest common factor of h and 74.
74
Let q(u) = 45*u**2 + 16*u - 15. Let p be q(1). Let v be (92/(-6))/(2/(-3)). Calculate the highest common divisor of p and v.
23
Suppose -69 = -3*d - 0*d. Let t = d + -10. Let r be 0 + -1 - -51 - -2. What is the highest common factor of t and r?
13
Let h(v) = v**2 - 17*v + 18. Let o be h(16). Suppose -c + m = 4*m + o, -18 = -4*c + m. Calculate the greatest common factor of 20 and c.
4
Suppose 257*c - 59264 = 225*c. Calculate the highest common divisor of 4 and c.
4
Let u = 53 - 18. Suppose u = 6*f - 55. Calculate the greatest common factor of f and 105.
15
Suppose 34*u = 37*u - 21. Suppose -11 = -d + u. What is the greatest common divisor of 2 and d?
2
Suppose -5*y + 140 = 45. Calculate the highest common divisor of y and 304.
19
Suppose -9 = -v + 6. Calculate the highest common divisor of 195 and v.
15
Let q(f) = -f**3 + 4*f**2 + 9*f + 31. Let l be q(6). Suppose 4*u - o - 2*o - 58 = 0, -5*o = 2*u - 16. Calculate the greatest common factor of u and l.
13
Suppose 11 = c - 0*c. Calculate the greatest common divisor of 671 and c.
11
Let g = -284 - -317. Let o = 3 - 0. Suppose -o*j = 4*b - 25, -4*b - 3 = -2*j - g. What is the highest common divisor of b and 63?
7
Suppose 0 = 9*t - 60*t + 612. Calculate the greatest common factor of t and 12.
12
Suppose 0 = 3*c, -c = -5*o - 4*c. Let y(m) = -m + 2*m - 2*m + o*m**2 + 7*m**2. Let g be y(1). Calculate the highest common divisor of 6 and g.
6
Suppose 0 = -3*b - 15, -b = -v + 2*b + 25. Let d be (-6)/(-15) - 268/v*-2. Calculate the greatest common divisor of 36 and d.
18
Suppose -224 = -6*k - 2*k. Suppose -v = -5*c + 341, -k = -c + 2*v + 33. Calculate the greatest common factor of c and 23.
23
Let z = -253 - -262. What is the greatest common divisor of 171 and z?
9
Suppose -16*c = -28 - 644. What is the highest common factor of c and 63?
21
Suppose r - 15 = -5*j, 5*j - 4*r = -r + 15. Let i = 29 + -29. Suppose -6*v + 4 + 32 = i. What is the highest common factor of v and j?
3
Suppose 79*x - 107*x + 56 = 0. Let r = 4 - 0. What is the greatest common divisor of r and x?
2
Let u be 22 - (1 - (0 + 0)). Suppose -3*z = -9*z + 462. Suppose -9*m + z = 2*m. Calculate the greatest common factor of u and m.
7
Suppose -9*h = -5*x - 6*h + 735, 0 = -3*h. What is the greatest common factor of 490 and x?
49
Suppose 0*g + g - 9*g = 0. Suppose -42*t + 44*t - 4 = g. What is the highest common divisor of t and 3?
1
Let o be 6/(-4)*728/(-42). Calculate the highest common divisor of o and 91.
13
Let i be (1 + -6)*(-21 + -40). Calculate the highest common factor of 122 and i.
61
Let l(w) = w + 3. Let o be l(-6). Let r be (3/o)/(1/(-9)). What is the highest common divisor of r and 9?
9
Let h be 0 + 143 + (-42 - -37). Calculate the greatest common divisor of 6 and h.
6
Suppose 5*b - 355 = b - r, r + 455 = 5*b. Let d be 27/45*100/6. What is the highest common divisor of b and d?
10
Let a be ((-21)/3)/1*2. Let t be 370/14 - (-6)/a. Calculate the greatest common divisor of 13 and t.
13
Suppose 4*k + 4 = 76. Let o be 3094/153 + (-4)/k. What is the greatest com